{"id":64,"date":"2022-05-18T17:19:38","date_gmt":"2022-05-18T15:19:38","guid":{"rendered":"https:\/\/rdv-psychologue.fr\/?page_id=64"},"modified":"2026-02-09T16:43:01","modified_gmt":"2026-02-09T15:43:01","slug":"prendre-rendez-vous","status":"publish","type":"page","link":"https:\/\/rdv-psychologue.fr\/index.php\/prendre-rendez-vous\/","title":{"rendered":"Prendre rendez-vous"},"content":{"rendered":"\n<p>Lorsque votre d\u00e9cision de consulter est prise, vous pouvez vous inscrire sur la liste d&rsquo;attente <a href=\"https:\/\/perfactive.fr\/psychologue-clinicien\/charenton-le-pont\/anna-debernardi\" data-type=\"URL\" data-id=\"https:\/\/www.doctolib.fr\/psychologue\/charenton-le-pont\/anna-debernardi\">ici<\/a>. Avant tout rendez-vous au cabinet, je vous appellerai quelques minutes. Nous pourrons alors convenir d&rsquo;un rendez-vous ensemble au cabinet.<\/p>\n\n\n\n<p>Le premier entretien permet de faire connaissance. C\u2019est le moment d\u2019exprimer ce qui motive votre d\u00e9marche \u00e0 consulter.<br>Lors de cet entretien, j\u2019appr\u00e9cierai et \u00e9valuerai votre demande afin de vous aider \u00e0 r\u00e9fl\u00e9chir sur votre situation.<br>Puis, si je suis en mesure de vous aider et si vous vous sentez suffisamment en confiance pour entamer un travail avec moi, nous fixerons alors, ensemble, le cadre de nos prochaines s\u00e9ances.<\/p>\n\n\n\n<p><\/p>\n\n\n\n<p>Les s\u00e9ances de th\u00e9rapie durent&nbsp;<strong>50minutes<\/strong>&nbsp;et co\u00fbtent<strong>&nbsp;90 euros<\/strong>.<\/p>\n\n\n\n<p>Le paiement se fait en ch\u00e8que ou esp\u00e8ce.<br><\/p>\n\n\n\n<p>Vous \u00eates libre d\u2019interrompre vos s\u00e9ances \u00e0 tout moment et aucune s\u00e9ance n\u2019est payable \u00e0 l\u2019avance.<br>En revanche, un rendez-vous pris et annul\u00e9 moins de 48 heures \u00e0 l\u2019avance est d\u00fb, sauf cas de force majeure (seule une hospitalisation est consid\u00e9r\u00e9e comme telle), principe qui r\u00e9pond \u00e0 plusieurs imp\u00e9ratifs.<\/p>\n\n\n\n<div class=\"wp-block-buttons has-custom-font-size has-large-font-size is-content-justification-center is-layout-flex wp-container-core-buttons-is-layout-0f00a22f wp-block-buttons-is-layout-flex\" style=\"padding-top:var(--wp--preset--spacing--60);padding-bottom:var(--wp--preset--spacing--60)\">\n<div class=\"wp-block-button is-style-fill\"><a class=\"wp-block-button__link wp-element-button\" href=\"https:\/\/perfactive.fr\/psychologue-clinicien\/charenton-le-pont\/anna-debernardi\">Prendre rendez-vous<\/a><\/div>\n<\/div>\n","protected":false},"excerpt":{"rendered":"<p>Lorsque votre d\u00e9cision de consulter est prise, vous pouvez vous inscrire sur la liste d&rsquo;attente ici. Avant tout rendez-vous au cabinet, je vous appellerai quelques minutes. Nous pourrons alors convenir d&rsquo;un rendez-vous ensemble au cabinet. Le premier entretien permet de faire connaissance. C\u2019est le moment d\u2019exprimer ce qui motive votre d\u00e9marche \u00e0 consulter.Lors de cet [&hellip;]<\/p>\n","protected":false},"author":2,"featured_media":0,"parent":0,"menu_order":0,"comment_status":"closed","ping_status":"closed","template":"","meta":{"hide_page_title":"disabled","footnotes":""},"class_list":["post-64","page","type-page","status-publish","hentry"],"_links":{"self":[{"href":"https:\/\/rdv-psychologue.fr\/index.php\/wp-json\/wp\/v2\/pages\/64","targetHints":{"allow":["GET"]}}],"collection":[{"href":"https:\/\/rdv-psychologue.fr\/index.php\/wp-json\/wp\/v2\/pages"}],"about":[{"href":"https:\/\/rdv-psychologue.fr\/index.php\/wp-json\/wp\/v2\/types\/page"}],"author":[{"embeddable":true,"href":"https:\/\/rdv-psychologue.fr\/index.php\/wp-json\/wp\/v2\/users\/2"}],"replies":[{"embeddable":true,"href":"https:\/\/rdv-psychologue.fr\/index.php\/wp-json\/wp\/v2\/comments?post=64"}],"version-history":[{"count":28,"href":"https:\/\/rdv-psychologue.fr\/index.php\/wp-json\/wp\/v2\/pages\/64\/revisions"}],"predecessor-version":[{"id":172,"href":"https:\/\/rdv-psychologue.fr\/index.php\/wp-json\/wp\/v2\/pages\/64\/revisions\/172"}],"wp:attachment":[{"href":"https:\/\/rdv-psychologue.fr\/index.php\/wp-json\/wp\/v2\/media?parent=64"}],"curies":[{"name":"wp","href":"https:\/\/api.w.org\/{rel}","templated":true}]}}