{"id":25,"date":"2022-04-07T15:32:11","date_gmt":"2022-04-07T13:32:11","guid":{"rendered":"https:\/\/rdv-psychologue.fr\/?page_id=25"},"modified":"2023-05-15T14:31:08","modified_gmt":"2023-05-15T12:31:08","slug":"pourquoi-consulter-un-psychologue","status":"publish","type":"page","link":"https:\/\/rdv-psychologue.fr\/index.php\/pourquoi-consulter-un-psychologue\/","title":{"rendered":"Pourquoi consulter un.e psychologue ?"},"content":{"rendered":"\n<p>Une multitude de raisons peuvent vous amener \u00e0 consulter. Lorsque vous vous sentez en souffrance psychique, suite \u00e0 un deuil, une rupture affective, une difficult\u00e9 professionnelle. Vous pouvez \u00e9galement d\u00e9cider de rencontrer un psychologue lorsque vous ressentez un conflit interne difficile \u00e0 r\u00e9soudre seul, lorsque vous souhaitez \u00eatre plus \u00e9panoui.e dans vos relations affectives ou professionnelles. Le ou la th\u00e9rapeute est l\u00e0 pour vous accompagner dans cette d\u00e9marche et vous apporter les clefs utiles \u00e0 votre d\u00e9veloppement personnel.<\/p>\n\n\n\n<p><\/p>\n\n\n\n<p>Vous avez parfois un sentiment de mal\u00eatre, vous avez du mal \u00e0 vous lever pour aller au travail, vous ne trouvez plus de sens dans votre vie professionnelle, dans votre couple, vous avez des difficult\u00e9s \u00e0 g\u00e9rer vos \u00e9motions, vous ne vous reconnaissez plus face \u00e0 certaines situations, vous avez du mal \u00e0 dormir, vous trouvez vos r\u00e9actions excessives, votre vie ne semble plus en ad\u00e9quation avec vos envies, vos relations avec vos proches sont compliqu\u00e9es, vous n&rsquo;avez plus envie de sortir, vous avez v\u00e9cu un \u00e9v\u00e8nement difficile (deuil, rupture, grossesse, agression) et vous n&rsquo;arrivez pas \u00e0 aller mieux depuis, vous avez envie de retrouver le sourire. Tout cela peut vous amener \u00e0 venir me consulter afin d&rsquo;avoir un soutien empathique et sans jugement. <\/p>\n\n\n\n<p><\/p>\n\n\n\n<p><strong>C&rsquo;est l\u00e9gitime et ok d&rsquo;\u00eatre accompagn\u00e9 face \u00e0 ces situations, vous n&rsquo;\u00eates pas oblig\u00e9 de les traverser seul.e.<\/strong><\/p>\n\n\n\n<p><\/p>\n","protected":false},"excerpt":{"rendered":"<p>Une multitude de raisons peuvent vous amener \u00e0 consulter. Lorsque vous vous sentez en souffrance psychique, suite \u00e0 un deuil, une rupture affective, une difficult\u00e9 professionnelle. Vous pouvez \u00e9galement d\u00e9cider de rencontrer un psychologue lorsque vous ressentez un conflit interne difficile \u00e0 r\u00e9soudre seul, lorsque vous souhaitez \u00eatre plus \u00e9panoui.e dans vos relations affectives ou [&hellip;]<\/p>\n","protected":false},"author":2,"featured_media":0,"parent":0,"menu_order":0,"comment_status":"closed","ping_status":"closed","template":"","meta":{"hide_page_title":"","footnotes":""},"class_list":["post-25","page","type-page","status-publish","hentry"],"_links":{"self":[{"href":"https:\/\/rdv-psychologue.fr\/index.php\/wp-json\/wp\/v2\/pages\/25","targetHints":{"allow":["GET"]}}],"collection":[{"href":"https:\/\/rdv-psychologue.fr\/index.php\/wp-json\/wp\/v2\/pages"}],"about":[{"href":"https:\/\/rdv-psychologue.fr\/index.php\/wp-json\/wp\/v2\/types\/page"}],"author":[{"embeddable":true,"href":"https:\/\/rdv-psychologue.fr\/index.php\/wp-json\/wp\/v2\/users\/2"}],"replies":[{"embeddable":true,"href":"https:\/\/rdv-psychologue.fr\/index.php\/wp-json\/wp\/v2\/comments?post=25"}],"version-history":[{"count":4,"href":"https:\/\/rdv-psychologue.fr\/index.php\/wp-json\/wp\/v2\/pages\/25\/revisions"}],"predecessor-version":[{"id":129,"href":"https:\/\/rdv-psychologue.fr\/index.php\/wp-json\/wp\/v2\/pages\/25\/revisions\/129"}],"wp:attachment":[{"href":"https:\/\/rdv-psychologue.fr\/index.php\/wp-json\/wp\/v2\/media?parent=25"}],"curies":[{"name":"wp","href":"https:\/\/api.w.org\/{rel}","templated":true}]}}